t - 1/12*d**4 - 1/120*d**6 + 1/12*d**5 - 1/2*d**3 + 4*d**2. Determine s(5).
-13
Let t(o) = -21*o**2 + 4*o + 1. Let f(b) = -43*b**2 + 9*b + 2. Let c(w) = 2*f(w) - 5*t(w). Let j(m) = 5*m - 56. Let v = 91 + -80. Let x be j(v). Determine c(x).
20
Let j(g) = -g + 6. Let b be 2/2 - (10 + -3 + 4). Let w be -6 + 2 - 70/b. Calculate j(w).
3
Let n(c) be the first derivative of 35 + 81*c + c**2 - 43*c - 27*c. Determine n(-8).
-5
Let g(u) = -u**2 - 5*u + 4. Let a be g(-5). Let z be 2 + (0 - a) - -4. Let m(l) = -3*l + 8*l**2 - l**3 - 5 - 2 + 0 - z*l**2. Determine m(5).
3
Let n = 14 - 9. Let m(z) be the second derivative of z**5/20 - z**4/3 - 5*z**3/6 + 2*z**2 + 985*z + 2. Calculate m(n).
4
Let k(r) = r**3 - 6*r**2 - r - 1. Let d be k(6). Let t = d + 10. Let j(z) = -2691767*z + 2691771*z - z**2 + 1 - 2. What is j(t)?
2
Suppose 9*n - 4*n + 3*m = -36, -28 = 4*m. Let a(h) = -23*h - 59. What is a(n)?
10
Suppose -1 = n + 2*k, 2 = 3*n + 2*k - 3. Let v(f) be the first derivative of f**2/2 - 7*f + 31. Let r(j) = j - 6. Let q(p) = -6*r(p) + 5*v(p). Calculate q(n).
-2
Let l(j) = j**3 - j - 4. Let y be ((-840)/98)/(2/(-14)). Let k be ((-62)/(-4))/(11/44) + -2. Let t = y - k. What is l(t)?
-4
Let v = -23 - -28. Suppose 0*k + 3 = v*q - 4*k, 3*k + 6 = 0. Let z(x) = -13*x**2 - x - 1. Give z(q).
-13
Suppose 4*i + 152*s - 154*s = 0, -10*s = -2*i + 72. Let u(q) = -q - 5*q - q**2 - q - 6. Calculate u(i).
6
Let u(m) be the third derivative of 0 + 34*m**2 + 0*m**3 - 1/60*m**5 + 5/24*m**4 - 2*m. Suppose 2*w - 10 = -0*w. Determine u(w).
0
Let t(g) = -55*g**2 - 3*g - 48*g**2 - 8*g + 1 + 104*g**2. Give t(9).
-17
Let s(y) be the third derivative of -y**4/24 - 2*y**3 - 3*y**2. Let z be (-87)/15 - 5*1/25. Let q(m) = -14*m - 90. Let x be q(z). What is s(x)?
-6
Let m(x) be the first derivative of 0*x**2 + 1/120*x**5 - 16 - 1/8*x**4 + 0*x + 5/3*x**3. Let h(l) be the third derivative of m(l). Give h(3).
0
Let u(o) be the first derivative of 65 + 2*o**2 + 17*o - 7*o - 5*o. What is u(-2)?
-3
Let j be (-1)/2 + 436/(-8) + -1. Let k = 74 + j. Let l(f) = -2*f + 29. Let i be l(k). Let m(a) = a**2 + 8*a + 8. Give m(i).
1
Let f(m) = -12*m**2 - 4*m - 3. Suppose -5*h = 19 + 1. Let g(u) = 13*u**2 + 5*u + 4. Let y(v) = h*g(v) - 5*f(v). Suppose 4*x - 3 = x. Determine y(x).
7
Let q(n) be the third derivative of 0 + n**2 + 1/15*n**5 + 0*n + 1/6*n**3 - 1/24*n**4. Suppose 0 = -5*r + 5*u + 30, 3*r - u = -7*u - 27. What is q(r)?
4
Suppose -2*h + 33 = 5*m, -3*m - 17 = -4*m - 3*h. Let r(x) = 0*x + 8 - 3 + 1 - 4*x. Give r(m).
-14
Suppose 0 = -2*c + 287*x - 286*x + 27, x - 3 = -c. Let n(d) = -2*d**2 + 13*d - 1. Give n(c).
-71
Let c(o) be the second derivative of -o**3/6 - 4*o + 3. Let f(k) = -13*k**2 - 39*k + 4. Let d be f(-3). Determine c(d).
-4
Suppose k = -9 + 1. Let w be (-2)/k*(-24)/(-6 - -12). Let c(f) = -f - 2 + 0 + 3 + 0. Give c(w).
2
Let o(y) = 9*y**3 + 4*y - 3. Let q be o(1). Let z(s) = -8*s + 2*s + s**2 - 6*s - q. Give z(13).
3
Let g(k) = -k**3 + 43 - 94 - 4*k + 31 + 39 + 8*k**2. Determine g(8).
-13
Suppose -2*a = 7*a - a. Suppose -c + 2*l = -14, -c + a*l - 3*l = 11. Let b(t) = t - 4. Calculate b(c).
0
Let n(q) = -q + 2. Let w be n(0). Let b(z) = -22*z + 4 - 30*z + 76*z - 21*z. Give b(w).
10
Let d(h) = h**3 + 9*h**2 - 10*h - 2. Let a(l) = 4*l**2 + 50*l. Let j be a(-13). Suppose k + 5*r + 25 = 0, 2*k - j*r + 25*r + 17 = 0. Calculate d(k).
-2
Let r(d) = 8*d - 26. Let y be r(5). Let s(i) be the third derivative of i**5/60 - 5*i**4/8 + 13*i**3/6 + 608*i**2. What is s(y)?
-1
Let b(p) = -2*p**2 - 5*p - 5. Let a(i) = 6296*i**2 - 12587*i**2 + 6290*i**2 - 3*i - 3. Suppose 4 - 30 = -2*x. Let w(h) = x*a(h) - 6*b(h). Calculate w(-8).
-1
Let g = -194 - -198. Suppose -2*v = -4*n - 4, g*n + 28 = -4*v - 0*n. Let c(f) = f**3 + 5*f**2 + 3. Determine c(v).
19
Let w be (4 + 5 + -6 + -7 - 7) + -3. Let l(d) = d**3 + 13*d**2 - 16*d - 8. Determine l(w).
20
Let n be ((-12)/(-16))/((-1)/(-20)). Let d = 16 - n. Let z(x) = x**2 - x - 10. Let r(b) = 5*b**2 + b + 31. Let f(v) = r(v) + 3*z(v). Determine f(d).
7
Let p be ((-316)/(-632))/(3/72*2). Let s(j) = 26*j - 163. Calculate s(p).
-7
Let t(u) = u**2 - 2*u + 3. Let o be t(0). Let r(f) = -o*f - 2*f + 535 + 4*f - 546. Let z = -7 - -2. Calculate r(z).
-6
Let n(a) = 4*a**2 - 8*a + 7. Let p(r) = 4*r**2 - 526*r - 527. Let q be p(-1). What is n(q)?
19
Let i(o) = -o**2 - 2*o - 2. Let c be i(-1). Let a(x) = x**2 - 5*x - 10. Let l be a(-3). Let g(j) = l*j - 2*j + 4 - 6 + 3. Give g(c).
-11
Let y(k) = -k**3 - k**2 + k + 1. Let j(n) = -2*n**3 + n**2 + 10*n - 9. Let f(c) = j(c) - y(c). Give f(3).
8
Suppose -4*v - 94 = -90. Let t(z) = z + 7. Let s be t(v). Let y(l) = l**3 - 7*l**2 + 7*l - 4. Give y(s).
2
Suppose 0 = -2*o + 3*b + 13, -4*b = -24*o + 30*o + 78. Let m(r) = r**3 + 3*r**2 - 11*r + 2. What is m(o)?
-117
Let r(w) be the third derivative of w**6/120 - 13*w**5/60 + 15*w**4/8 - 7*w**3/3 - 13*w**2 + w - 48. What is r(7)?
7
Suppose -3*s - 3*r + 54 = -0*r, 90 = 5*s - r. Let l be -3 + 2 - (-34 + s). Let o(x) = -x**3 + 16*x**2 - 15*x + 12. Give o(l).
12
Let j(f) be the first derivative of -3*f**2/2 + 27*f + 981. Give j(8).
3
Let g be (10/((-70)/63))/((-6)/4). Let i(s) = -s**3 + 8*s**2 - 10*s - 9. Let n be i(g). Let a(k) = -k**2 + 3*k - 4. Give a(n).
-4
Let t(n) = 1 + 1 + 5*n + 0. Let d(g) = g**3 + 8*g**2 - 18*g + 24. Let x be d(-10). Suppose 0 = x*o - 82 + 90. Give t(o).
-8
Let x = -8 + 9. Suppose -s + 4 = m, -1 - 2 = -3*m. Suppose s*n + 4 = x. Let a(r) = -9*r - 1. Determine a(n).
8
Let b(p) be the second derivative of -p**3/6 - p**2 - p - 4550. Suppose -m - 9 = -11. Let d be (m/6)/((-3)/18). Determine b(d).
0
Let f(v) = -v**2 - 10*v + 2. Let l be 4/(5*16/60) - -19. Let w be (l/8)/(-11) - 35/4. Calculate f(w).
11
Let q(z) be the first derivative of -z**5/30 + z**4/6 + 2*z**3/3 + 10*z**2 + z + 244. Let f(j) be the second derivative of q(j). Calculate f(3).
-2
Let h = -11749 + 11753. Let w(z) be the first derivative of -3*z**2/2 + 5*z - 10. What is w(h)?
-7
Suppose 11*f - 74 = 97 - 215. Let i(a) = 10*a + 35. What is i(f)?
-5
Let r be 3*(14 - 13)*2/3. Let v(y) = 2*y**3 - 3*y**2 + 10*y - 4. Calculate v(r).
20
Let y = -23 + 25. Let b(o) = -12*o - y*o**2 - 15*o - 11*o + 39*o. What is b(2)?
-6
Let g(r) = 5*r + 16. Let j be g(-5). Let x be j/(108/(-8))*-9. Let f(c) = -9 - 679*c + 336*c + 339*c. Calculate f(x).
15
Let t(s) be the first derivative of s**3 - 7*s**2 + 6*s + 3354. What is t(7)?
55
Let h(o) = 2*o + 4. Let l(m) = -6*m - 15. Let f(v) = v. Let j(d) = -3*f(d) + l(d). Let y(z) = 15*h(z) + 4*j(z). Let b = -655 - -653. Calculate y(b).
12
Let x(d) = 3*d**2 - 47*d + 37. Let o be x(15). Let p(h) = -37*h - o*h**2 + 2*h**2 + 26*h + 4*h**2. Determine p(-9).
18
Let g(c) = 5*c - 2. Suppose -4*d - 3*u + 420 = 0, -4*d = u - 2*u - 404. Let q be 8/2 - d/34. Give g(q).
3
Suppose 0 = -21*a - 15*a + 3*a. Let b(i) = -10*i**3 + 4*i**2 + 93. Let p(m) = 7*m**3 - 3*m**2 - 62. Let g(s) = 5*b(s) + 7*p(s). Determine g(a).
31
Let p(k) = 5. Let x(l) = -2. Let h(s) = -p(s) - 2*x(s). Suppose -i - 2*i - 3 = 0. Let y(d) = d**2 + 6*d + 6. Let g(m) = i*y(m) - 4*h(m). Give g(-4).
6
Let d(k) be the first derivative of -k**3/3 - 7*k**2 - 11*k - 1234. Calculate d(-13).
2
Let s(c) = -2*c - 67. Let z(w) = -2*w - 54. Let j(n) = -5*s(n) + 6*z(n). Calculate j(13).
-15
Let r(p) be the second derivative of -p**5/20 - 13*p**4/12 + 3*p**3/2 - 33*p**2 - 1633*p + 4. Give r(-14).
4
Let j(q) = -7*q**2 + 37*q - 18. Let h(z) = 6*z**2 - 34*z + 21. Let o(w) = -10*h(w) - 9*j(w). What is o(-5)?
-8
Let z(d) = 5*d + 30. Let o(t) = -t**3 - 4*t**2 + 31*t - 13. Let y be o(-8). Determine z(y).
5
Suppose 2*f = -4*n + 2, 3*f + 3 = -3*n - 12. Let x(o) = o**2 + 10*o + 4. Give x(f).
15
Let t(z) be the third derivative of -z**5/60 + 7*z**4/12 + 2*z**3/3 + z**2. Let w be (-168)/(-20)*85/51. What is t(w)?
4
Suppose -11 = -7*s + 2*s - h, 5*h + 23 = s. Let u(q) = -2*q**3 - 5*q**2 + q - 3. Let b(t) = t**3 + 8*t**2 + 7. Let p(f) = b(f) + u(f). Calculate p(s).
7
Suppose -40 = -4*u + 2*y, -5*y + 2*y = -4*u + 44. Let j(f) be the first derivative of f**4/4 - 7*f**3/3 - 5*f**2 + 12*f - 8916. Determine j(u).
-4
Let l(r) = -24*r + 240. Suppose 580*u - 569*u - 57 = 42. Determine l(u).
24
Suppose 2*c = c. Let w(j) be the third derivative of -j**4/24 - 5*j**3/6 - 3*j**2 + 